+ 201. Give p(-36).
21
Let b(p) = 2*p**3 + 149*p**2 + 1452*p + 128. Calculate b(-63).
-61
Let k(s) = 568*s - 27871. What is k(44)?
-2879
Let p(c) = -c**3 + 105*c**2 - 166*c + 27466. Determine p(106).
-1366
Let l(k) = 44*k**3 - 275*k**2 - 238*k + 50. Give l(7).
1
Let t(c) = c**2 - 3674*c - 55353. Determine t(-15).
-18
Let x(y) = 647*y**2 + 9093*y + 15. Determine x(-14).
-475
Let s(v) = 21676*v - 2406043. Give s(111).
-7
Let o(s) = -6*s**2 + 1628*s + 3251. Give o(-2).
-29
Let z(x) = -36*x**2 + 355*x + 202. Calculate z(11).
-249
Let f(h) = 34650*h - 381199. Calculate f(11).
-49
Let z(q) = q**3 - 26*q**2 + 4*q + 418. Calculate z(23).
-1077
Let m(t) = 76*t**2 - 329*t + 350. Calculate m(2).
-4
Let i(h) = -16560*h + 397654. Give i(24).
214
Let k(s) = -5850*s + 280905. What is k(48)?
105
Let f(x) = -x**3 - 168*x**2 - 812*x - 79645. What is f(-166)?
35
Let c(i) = -i**2 - 17224*i + 51672. Determine c(3).
-9
Let q(p) = 2*p**2 - 1817*p + 54352. What is q(31)?
-53
Let k(y) = -y**3 - 58*y**2 - 1467*y - 67658. Calculate k(-54).
-104
Let i(c) = -5*c**2 + 60*c + 65. Give i(26).
-1755
Let a(f) = -23*f + 23. What is a(-7)?
184
Let n(c) = -c**2 - 92700*c - 6. What is n(0)?
-6
Let j(m) = -97077*m - 10290156. What is j(-106)?
6
Let g(i) = -26429*i + 52807. Determine g(2).
-51
Let j(a) = -658*a - 74326. Calculate j(-113).
28
Let f(z) = 25*z**2 - 423*z - 3. Give f(15).
-723
Let j(k) = -k**3 - 372*k**2 + 611*k - 51229. Calculate j(-374).
9
Let i(d) = 1468*d + 179044. What is i(-122)?
-52
Let i(d) = 58002*d - 3132105. What is i(54)?
3
Let o(g) = -155*g**2 - 4649*g + 41. Give o(-30).
11
Let z(i) = -i**2 - 4494*i + 58618. Give z(13).
27
Let l(n) = n**3 + 44*n**2 - 242*n - 4020. What is l(11)?
-27
Let d(s) = 18*s**3 - 580*s**2 + 152*s - 875. Calculate d(32).
-107
Let b(g) = g**2 + 38804*g + 3136544. Calculate b(-81).
-19
Let o(r) = 179*r + 10931. Determine o(-61).
12
Let c(h) = -705*h + 68258. Determine c(97).
-127
Let d(x) = 5*x**3 + 145*x**2 - 425*x - 62. What is d(3)?
103
Let z(a) = -4*a**2 + 225*a + 56. Calculate z(56).
112
Let t(y) = -2*y**3 - 58*y**2 - 520*y - 43. What is t(-10)?
1357
Let n(x) = 18495*x + 148002. Calculate n(-8).
42
Let m(w) = -w**2 - 8*w + 2545. Calculate m(-55).
-40
Let u(g) = -g**3 - 151*g**2 - 24*g - 99835. Give u(-155).
-15
Let b(w) = 4*w**3 - 240*w**2 - 59*w + 3397. Give b(60).
-143
Let g(w) = 14379*w + 71104. Give g(-5).
-791
Let i(p) = p**2 - 427*p + 31690. Calculate i(96).
-86
Let k(u) = -u**3 - 39*u**2 - 24*u - 122. What is k(-39)?
814
Let y(t) = -74*t**2 + 2391*t - 741. What is y(32)?
-5
Let c(z) = -58*z**2 - 2040*z + 8150. Calculate c(4).
-938
Let b(z) = -z**3 - 20*z**2 + 2*z - 67. Give b(-18).
-751
Let n(z) = 9*z**2 - 43520*z + 434275. Determine n(10).
-25
Let d(z) = -145*z - 12661. What is d(-86)?
-191
Let t(a) = 2*a**3 + 109*a**2 + 52*a + 237. Give t(-54).
345
Let x(l) = 6*l**2 + 533*l + 7758. Determine x(-71).
161
Let r(v) = -v**3 + 94*v**2 + 547*v - 673. What is r(-7)?
447
Let v(a) = -28*a**2 - 2403*a - 2403. Calculate v(-1).
-28
Let c(p) = -p**3 + 150*p**2 - 702*p - 3918. Give c(145).
-583
Let p(u) = 2*u**3 - 190*u**2 - 439*u + 23697. Give p(96).
-15
Let k(t) = -2*t**2 - 126*t + 8168. Determine k(44).
-1248
Let v(z) = -6*z**2 + 308*z - 2652. Calculate v(11).
10
Let d(n) = 5*n**2 - 1176*n - 6974. What is d(-6)?
262
Let b(t) = -17*t**3 - 2*t**2 - 84*t - 83. Determine b(-1).
16
Let t(j) = -3*j**2 + 444*j + 480. Give t(149).
33
Let j(z) = -z**3 + 134*z**2 + 100*z - 64865. Give j(131).
-282
Let j(g) = 7*g**3 + 188*g**2 - 2140*g - 1068. Give j(9).
3
Let x(g) = 3*g**2 + 894*g - 2683. Determine x(3).
26
Let s(c) = -11*c**3 + 6*c**2 - 37*c + 9. Determine s(3).
-345
Let z(o) = -305*o + 8760. Determine z(29).
-85
Let k(d) = -53718*d + 2417277. What is k(45)?
-33
Let v(n) = 38949*n + 38947. Give v(-1).
-2
Let k(y) = -45*y**2 + 157*y - 651. Determine k(4).
-743
Let u(f) = 117*f**2 - 17902*f + 342. Give u(153).
189
Let s(d) = -d**3 + 833*d**2 + 5003*d - 174. Calculate s(-6).
12
Let q(k) = -3*k**2 - 3807*k - 590792. Determine q(-1088).
-8
Let c(h) = 7*h**2 - 622*h - 690. Determine c(90).
30
Let s(n) = -n**2 + 46*n - 1969. What is s(60)?
-2809
Let w(m) = -58*m**2 + 5795*m + 456. What is w(100)?
-44
Let a(h) = 2643*h - 2111800. What is a(799)?
-43
Let p(x) = 12*x**2 + 3807*x - 23107. Determine p(6).
167
Let z(g) = 10482*g + 2431829. Determine z(-232).
5
Let t(g) = 3*g**2 - 20*g + 475. Give t(16).
923
Let u(n) = -4*n**2 - 199*n - 2683. Calculate u(-31).
-358
Let j(o) = 4*o**2 - 823*o + 7827. Determine j(195).
-558
Let j(p) = 6656*p - 4133376. Calculate j(621).
0
Let z(a) = 682*a - 25498. Determine z(37).
-264
Let o(u) = 6302*u + 18925. Determine o(-3).
19
Let d(r) = 6609*r + 3971986. What is d(-601)?
-23
Let h(g) = g**2 + 358*g - 309005. Calculate h(405).
10
Let j(p) = 43400*p - 5121171. What is j(118)?
29
Let x(o) = 2*o**3 + 1122*o**2 + 8930*o - 13. Calculate x(-8).
-669
Let r(x) = x**3 - 65*x**2 - 97*x - 2476. Determine r(67).
3
Let u(q) = -q**3 + 54*q**2 + 297*q + 63. Determine u(59).
181
Let t(s) = 6*s**3 + 6*s**2 + 13650*s - 13654. Calculate t(1).
8
Let h(k) = -7631*k - 534235. Determine h(-70).
-65
Let a(o) = 91*o + 16071. Calculate a(-177).
-36
Let t(f) = -2*f**2 - 108*f + 1217. Give t(-65).
-213
Let h(p) = 66060*p + 396396. Give h(-6).
36
Let z(i) = -i**3 + 45*i**2 - 134*i - 209. Calculate z(42).
-545
Let y(h) = 1791*h - 979670. Calculate y(547).
7
Let w(f) = -2*f**3 - 14*f**2 + 136*f + 964. Give w(-8).
4
Let p(u) = 627*u - 5020. Determine p(8).
-4
Let l(g) = -4*g**2 - 221*g + 1001. Determine l(-58).
363
Let b(j) = 11*j**2 - 197327*j - 1381832. Give b(-7).
-4
Let v(a) = -217*a**2 + 27125*a + 13. Determine v(125).
13
Let q(s) = -s**2 + 28172*s + 56337. What is q(-2)?
-11
Let f(b) = 3251*b**2 - 13003*b + 54. Calculate f(4).
58
Let u(y) = -2*y**2 - 658*y - 50847. What is u(-205)?
-7
Let f(k) = 699*k**2 - 32155*k + 5. Give f(46).
-41
Let i(g) = 64*g - 69. Give i(-10).
-709
Let x(d) = 21958*d + 483069. Give x(-22).
-7
Let r(f) = -57*f**2 - 1712*f + 5577. Calculate r(-33).
0
Let q(y) = -y**3 + 70*y**2 - 622*y - 1667. What is q(59)?
-74
Let f(r) = 2710*r - 10035. Determine f(4).
805
Let g(m) = m**3 + 379*m**2 - 14491*m - 480. Calculate g(-414).
-66
Let n(s) = -s**2 + 82490*s - 17853256. What is n(217)?
-15
Let j(h) = -110*h**2 + 7253*h + 392. Give j(66).
-70
Let q(t) = t**3 - 122*t**2 + 425*t + 5504. What is q(118)?
-42
Let a(o) = 1513*o**2 - 184570*o - 1971. Determine a(122).
-19
Let q(l) = 179*l - 815. Give q(11).
1154
Let n(x) = 4*x**3 - 12*x**2 - 922*x + 1847. What is n(2)?
-13
Let p(b) = 255*b - 2357. What is p(8)?
-317
Let j(t) = 159*t + 3488. Give j(-22).
-10
Let c(y) = -15*y**3 + 898*y**2 + 99*y + 1260. Determine c(60).
0
Let d(x) = 63*x + 4031. What is d(-37)?
1700
Let h(r) = -r**3 - 20*r**2 - 5*r + 258. Give h(-18).
-300
Let z(m) = -307*m**2 + 12897*m - 165. Calculate z(42).
-39
Let m(i) = -27165*i + 1113769. What is m(41)?
4
Let r(w) = -7*w**3 - 110*w**2 - 23*w - 44. Determine r(-14).
-2074
Let j(s) = -277090*s - 9975238. Calculate j(-36).
2
Let a(m) = 624*m + 10231. What is a(-16)?
247
Let v(d) = -6*d**3 + 4688*d**2 - 1569*d + 5477. Determine v(781).
10
Let u(x) = -9*x**2 + 6946*x - 135344. Give u(20).
-24
Let l(k) = 462*k - 24431. Calculate l(63).
4675
Let x(z) = -2*z**3 + 4*z**2 + 100*z + 1291. Calculate x(0).
1291
Let d(h) = -h**3 - 114*h**2 - 227*h - 318. Determine d(-112).
18
Let d(o) = -3404*o + 115890. What is d(34)?
154
Let m(t) = -2*t**3 + 221*t**2 - 5053*t + 515136. Give m(109).
2
Let y(f) = f**3 + 4*f**2 - 7203*f + 49882. Determine y(7).
0
Let c(f) = f**3 + 6*f**2 + 44*f + 262. Calculate c(-6).
-2
Let j(d) = -6*d**3 - 1290*d**2 - 1925*d - 413865. What is j(-215)?
10
Let u(z) = -19150*z + 4366198. What is u(228)?
-2
Let v(k) = 118695*k + 118663. Determine v(-1).
-32
Let c(r) = 6*r**2 - 89*r - 39. Give c(7).
-368
Let k(j) = -421*j - 2867. What is k(-6)?
-341
Let z(b) = -b**2 - 46*b - 1674. Determine z(-27).
-1161
Let p(w) = w**3 + 204*w**2 + 3029*w + 3910. Calculate p(-188).
-38
Let u(p) = -p**3 + 3*p**2 + 1182*p + 3498. Give u(-3).
6
Let j(v) = v**3 + 582*v**2 + 40638*v + 28548. What is j(-501)?
-9
Let b(i) = -i**3 - 94*i**2 + 2272*i + 184227. Calculate b(-98).
-13
Let y(s) = -3*s**3 + 4*s**2 + 365*s - 2176. What is y(6)?